{"id":2465,"date":"2023-07-11T22:06:49","date_gmt":"2023-07-11T22:06:49","guid":{"rendered":"https:\/\/sc.nmcgqr.me\/?page_id=2465"},"modified":"2023-07-20T21:21:18","modified_gmt":"2023-07-20T21:21:18","slug":"o-nama-2","status":"publish","type":"page","link":"https:\/\/scberane.me\/index.php\/o-nama-2\/","title":{"rendered":"O nama"},"content":{"rendered":"<p><strong>GRADSKI FUDBALSKI STADION<\/strong><\/p>\n<p>Gradski stadion u Beranama je vi\u0161enamjenski stadion sa dvije tribine (isto\u010dna i zapadna), prirodnom travom i atletskom stazom. Po veli\u010dini i kapacitetu je me\u0111u prvima u Crnoj Gori, sa 10 000 mjesta za posjetioce .<\/p>\n<p>Otvoren je 1981. godine za\u00a0 XXVII MOSI igre.<\/p>\n<figure class=\"wp-block-image\"><img fetchpriority=\"high\" decoding=\"async\" class=\"wp-image-394\" src=\"https:\/\/scberane.me\/wp-content\/uploads\/2019\/01\/tito.png\" sizes=\"(max-width: 440px) 100vw, 440px\" srcset=\"https:\/\/scberane.me\/wp-content\/uploads\/2019\/01\/tito.png 440w, https:\/\/scberane.me\/wp-content\/uploads\/2019\/01\/tito-300x196.png 300w\" alt=\"\" width=\"440\" height=\"287\" \/><\/figure>\n<figure class=\"wp-block-image\"><img decoding=\"async\" class=\"wp-image-306\" src=\"https:\/\/scberane.me\/wp-content\/uploads\/2018\/12\/s2.png\" sizes=\"(max-width: 440px) 100vw, 440px\" srcset=\"https:\/\/scberane.me\/wp-content\/uploads\/2018\/12\/s2.png 440w, https:\/\/scberane.me\/wp-content\/uploads\/2018\/12\/s2-300x199.png 300w\" alt=\"\" width=\"440\" height=\"292\" \/><\/figure>\n<p>Rekonstrukcija tribine koju su finansirali Fudbalski savez i Op\u0161tina Berane, zapo\u010deta je 2016. godine.<\/p>\n<p>Nakon dvije godine fudbalska infrastruktura u Beranama\u00a0 danas je bogatija za isto\u010dnu tribinu kapaciteta 5 000 mjesta u sklopu koje se nalaze svi sadr\u017eaji neophodni za odigravanje utakmica. U podtribinskom prostoru nalaze se svla\u010dionice za timove i sudije, delegatska prostorija, prostorija za anti-doping kontrolu, sala za medije, ekonomat, ve\u0161eraj, prostorija za mehanizaciju\u2026 Tribina, koja je potpuno natkirivena, ima i prostor za rad predstavnika medija i sve\u010danu lo\u017eu koja je, shodno klimatskim prilikama na sjeveru zemlje, u zatvorenom prostoru.<\/p>\n<figure class=\"wp-block-image is-resized\"><img decoding=\"async\" class=\"wp-image-307\" src=\"https:\/\/scberane.me\/wp-content\/uploads\/2018\/12\/s3.png\" sizes=\"(max-width: 470px) 100vw, 470px\" srcset=\"https:\/\/scberane.me\/wp-content\/uploads\/2018\/12\/s3.png 429w, https:\/\/scberane.me\/wp-content\/uploads\/2018\/12\/s3-300x162.png 300w\" alt=\"\" width=\"470\" height=\"253\" \/><figcaption>\n<\/figcaption><\/figure>\n<figure class=\"wp-block-image is-resized\"><img loading=\"lazy\" decoding=\"async\" class=\"wp-image-308\" src=\"https:\/\/scberane.me\/wp-content\/uploads\/2018\/12\/s4.png\" sizes=\"(max-width: 480px) 100vw, 480px\" srcset=\"https:\/\/scberane.me\/wp-content\/uploads\/2018\/12\/s4.png 416w, https:\/\/scberane.me\/wp-content\/uploads\/2018\/12\/s4-300x149.png 300w\" alt=\"\" width=\"480\" height=\"238\" \/><\/figure>\n<p>U okviru Fudbalskog stadiona nalaze se dva pomo\u0107na fudbalska terena. Jedan je pokriven vje\u0161ta\u010dkom podlogom a drugi prirodnom travom. Teren na glavnom stadionu i pomo\u0107ni teren sa prirodnom travom opremljeni sa automatizovanim sistemom za navodnjavanje.<\/p>\n<p>U sklopu fudbalskog stadiona izgra\u0111ena je\u00a0 atletska staza sa tartan podlogom i borili\u0161ta za ostale atletske discipline.<\/p>\n<p>Postoje\u0107i kapaciteti fudbalskog stadiona i atletske staze omogu\u0107avaju sadr\u017eaje i usluge \u00a0treninga, fudbalskih utakmica, atletskih takmi\u010denja i ostalih sportsko-rekreativnih i kulturnih manifestacija.<\/p>\n<p>&nbsp;<\/p>\n<p><span style=\"color: #ffffff;\">.<\/span><\/p>\n","protected":false},"excerpt":{"rendered":"<p>GRADSKI FUDBALSKI STADION Gradski stadion u Beranama je vi\u0161enamjenski stadion sa dvije tribine (isto\u010dna i zapadna), prirodnom travom i atletskom stazom. Po veli\u010dini i kapacitetu je me\u0111u prvima u Crnoj Gori, sa 10 000 mjesta za posjetioce . Otvoren je 1981. godine za\u00a0 XXVII MOSI igre. Rekonstrukcija tribine koju su finansirali Fudbalski savez i Op\u0161tina [&hellip;]<\/p>\n","protected":false},"author":1,"featured_media":0,"parent":0,"menu_order":0,"comment_status":"closed","ping_status":"closed","template":"","meta":{"footnotes":""},"class_list":["post-2465","page","type-page","status-publish","hentry"],"_links":{"self":[{"href":"https:\/\/scberane.me\/index.php\/wp-json\/wp\/v2\/pages\/2465","targetHints":{"allow":["GET"]}}],"collection":[{"href":"https:\/\/scberane.me\/index.php\/wp-json\/wp\/v2\/pages"}],"about":[{"href":"https:\/\/scberane.me\/index.php\/wp-json\/wp\/v2\/types\/page"}],"author":[{"embeddable":true,"href":"https:\/\/scberane.me\/index.php\/wp-json\/wp\/v2\/users\/1"}],"replies":[{"embeddable":true,"href":"https:\/\/scberane.me\/index.php\/wp-json\/wp\/v2\/comments?post=2465"}],"version-history":[{"count":2,"href":"https:\/\/scberane.me\/index.php\/wp-json\/wp\/v2\/pages\/2465\/revisions"}],"predecessor-version":[{"id":2861,"href":"https:\/\/scberane.me\/index.php\/wp-json\/wp\/v2\/pages\/2465\/revisions\/2861"}],"wp:attachment":[{"href":"https:\/\/scberane.me\/index.php\/wp-json\/wp\/v2\/media?parent=2465"}],"curies":[{"name":"wp","href":"https:\/\/api.w.org\/{rel}","templated":true}]}}